{"id":23,"date":"2025-02-20T12:05:09","date_gmt":"2025-02-20T12:05:09","guid":{"rendered":"https:\/\/pension-auguste.de\/?page_id=23"},"modified":"2025-08-14T06:22:42","modified_gmt":"2025-08-14T06:22:42","slug":"haus-seeker-huuwen","status":"publish","type":"page","link":"https:\/\/pension-auguste.de\/index.php\/haus-seeker-huuwen\/","title":{"rendered":"Haus Seeker Huuwen"},"content":{"rendered":"\t\t<div data-elementor-type=\"wp-page\" data-elementor-id=\"23\" class=\"elementor elementor-23\">\n\t\t\t\t<div class=\"elementor-element elementor-element-db9c9b3 e-flex e-con-boxed e-con e-parent\" data-id=\"db9c9b3\" data-element_type=\"container\">\n\t\t\t\t\t<div class=\"e-con-inner\">\n\t\t<div class=\"elementor-element elementor-element-1543791 e-con-full e-flex e-con e-child\" data-id=\"1543791\" data-element_type=\"container\">\n\t\t\t\t<div class=\"elementor-element elementor-element-a149f16 elementor-widget elementor-widget-image\" data-id=\"a149f16\" data-element_type=\"widget\" data-widget_type=\"image.default\">\n\t\t\t\t<div class=\"elementor-widget-container\">\n\t\t\t\t\t\t\t\t\t\t\t\t\t\t\t<img fetchpriority=\"high\" decoding=\"async\" width=\"343\" height=\"263\" src=\"https:\/\/pension-auguste.de\/wp-content\/uploads\/2025\/02\/Seeker_Huuwen.jpg\" class=\"attachment-large size-large wp-image-18\" alt=\"\" srcset=\"https:\/\/pension-auguste.de\/wp-content\/uploads\/2025\/02\/Seeker_Huuwen.jpg 343w, https:\/\/pension-auguste.de\/wp-content\/uploads\/2025\/02\/Seeker_Huuwen-300x230.jpg 300w\" sizes=\"(max-width: 343px) 100vw, 343px\" \/>\t\t\t\t\t\t\t\t\t\t\t\t\t\t\t<\/div>\n\t\t\t\t<\/div>\n\t\t\t\t<\/div>\n\t\t<div class=\"elementor-element elementor-element-c614d94 e-con-full e-flex e-con e-child\" data-id=\"c614d94\" data-element_type=\"container\">\n\t\t\t\t<div class=\"elementor-element elementor-element-3ce0409 elementor-widget elementor-widget-text-editor\" data-id=\"3ce0409\" data-element_type=\"widget\" data-widget_type=\"text-editor.default\">\n\t\t\t\t<div class=\"elementor-widget-container\">\n\t\t\t\t\t\t\t\t\t<p>Willkommen in unserem Haus <strong>Seeker Huuwen<\/strong>!<\/p><p>Hier finden Sie unsere modern eingerichteten Ferienwohnungen.<\/p><div id=\"Text133LYR\" class=\"TextObject\"><p>Unsere Ferienwohnungen laden zur Erholung ein.<\/p><ul><li>f\u00fcr 2-4 Personen<\/li><li>Wohnfl\u00e4che 35m2 &#8211; 62m2<\/li><li>Schlaf- und Wohnzimmer<\/li><li>Badezimer mit Fu\u00dfbodenheizung<\/li><li>K\u00fcche mit Sp\u00fclmaschine<\/li><li>Bettw\u00e4sche und Handt\u00fccher inklusive &#8211; wechseln wie Sie m\u00f6chten<\/li><li>kostenfreies WLAN<\/li><li>Parkplatz<\/li><li>Garten\/Terrasse<\/li><li>Waschmaschine, Trockner (M\u00fcnzautomat)<\/li><li><b>Hunde sind bei uns leider nicht erlaubt.<\/b><\/li><\/ul><\/div><div id=\"Text134LYR\" class=\"TextObject\"><p>Haus Seeker Huuwen liegt zentral im alten Ortskern von Norddorf in ruhiger Lage<\/p><\/div>\t\t\t\t\t\t\t\t<\/div>\n\t\t\t\t<\/div>\n\t\t\t\t<\/div>\n\t\t\t\t\t<\/div>\n\t\t\t\t<\/div>\n\t\t<div class=\"elementor-element elementor-element-bfc3b74 e-flex e-con-boxed e-con e-parent\" data-id=\"bfc3b74\" data-element_type=\"container\">\n\t\t\t\t\t<div class=\"e-con-inner\">\n\t\t\t\t<div class=\"elementor-element elementor-element-ddd90dc elementor-widget elementor-widget-text-editor\" data-id=\"ddd90dc\" data-element_type=\"widget\" data-widget_type=\"text-editor.default\">\n\t\t\t\t<div class=\"elementor-widget-container\">\n\t\t\t\t\t\t\t\t\t<div id=\"Text134LYR\" class=\"TextObject\"><p>\u00a0<\/p><\/div><p>Unsere Suche unterst\u00fctzt Sie dabei freie Objekte f\u00fcr Ihren Wunschtermin zu finden. Dort finden Sie dann auch alle Angaben zu unseren Wohnungen, sowie die M\u00f6glichkeit eine Reservierungsanfrage zu stellen. Sie erhalten dann von uns innerhalb weniger Tage eine R\u00fcckantwort.\u00a0<\/p><p>Viel Spa\u00df beim St\u00f6bern und bis bald in unserem Haus Seeker Huuwen.<\/p>\t\t\t\t\t\t\t\t<\/div>\n\t\t\t\t<\/div>\n\t\t\t\t\t<\/div>\n\t\t\t\t<\/div>\n\t\t<div class=\"elementor-element elementor-element-59c48d3 e-flex e-con-boxed e-con e-parent\" data-id=\"59c48d3\" data-element_type=\"container\">\n\t\t\t\t\t<div class=\"e-con-inner\">\n\t\t\t\t<div class=\"elementor-element elementor-element-5099f8a elementor-widget elementor-widget-html\" data-id=\"5099f8a\" data-element_type=\"widget\" data-widget_type=\"html.default\">\n\t\t\t\t<div class=\"elementor-widget-container\">\n\t\t\t\t\t<iframe style=\"border: 1px solid black;\" src=\"https:\/\/pension-auguste.de\/wp-content\/2\/appvision\/example-embed-search.html#!?hideBackButton&amp;hideFilterButton&amp;\" width=\"3000\" height=\"1500\" frameborder=\"0\" allowfullscreen=\"allowfullscreen\"><\/iframe>\t\t\t\t<\/div>\n\t\t\t\t<\/div>\n\t\t\t\t\t<\/div>\n\t\t\t\t<\/div>\n\t\t\t\t<\/div>\n\t\t","protected":false},"excerpt":{"rendered":"<p>Willkommen in unserem Haus Seeker Huuwen! Hier finden Sie unsere modern eingerichteten Ferienwohnungen. Unsere Ferienwohnungen laden zur Erholung ein. f\u00fcr 2-4 Personen Wohnfl\u00e4che 35m2 &#8211; 62m2 Schlaf- und Wohnzimmer Badezimer&hellip;<\/p>\n","protected":false},"author":1,"featured_media":0,"parent":0,"menu_order":0,"comment_status":"closed","ping_status":"closed","template":"","meta":{"footnotes":""},"class_list":["post-23","page","type-page","status-publish","hentry"],"_links":{"self":[{"href":"https:\/\/pension-auguste.de\/index.php\/wp-json\/wp\/v2\/pages\/23","targetHints":{"allow":["GET"]}}],"collection":[{"href":"https:\/\/pension-auguste.de\/index.php\/wp-json\/wp\/v2\/pages"}],"about":[{"href":"https:\/\/pension-auguste.de\/index.php\/wp-json\/wp\/v2\/types\/page"}],"author":[{"embeddable":true,"href":"https:\/\/pension-auguste.de\/index.php\/wp-json\/wp\/v2\/users\/1"}],"replies":[{"embeddable":true,"href":"https:\/\/pension-auguste.de\/index.php\/wp-json\/wp\/v2\/comments?post=23"}],"version-history":[{"count":26,"href":"https:\/\/pension-auguste.de\/index.php\/wp-json\/wp\/v2\/pages\/23\/revisions"}],"predecessor-version":[{"id":299,"href":"https:\/\/pension-auguste.de\/index.php\/wp-json\/wp\/v2\/pages\/23\/revisions\/299"}],"wp:attachment":[{"href":"https:\/\/pension-auguste.de\/index.php\/wp-json\/wp\/v2\/media?parent=23"}],"curies":[{"name":"wp","href":"https:\/\/api.w.org\/{rel}","templated":true}]}}